be g(4). Let t(y) be the first derivative of -5/2*y**2 + 0*y + 1/3*y**3 - 1. Give t(f).
-6
Let p(h) = -3*h**3 + 5*h - 1. Let i(z) = -z**3 - z**2 + z - 1. Let q(y) = -4*i(y) + p(y). Suppose 0*t + t - 2 = 0. Suppose l + t*l = -12. Determine q(l).
-1
Suppose -4*d + 1 + 3 = 0. Let i(m) = 4 - 1 - 3 + d + m. What is i(-4)?
-3
Suppose -g - 6 = n - 4*g, 3*n = 2*g - 4. Let v(z) = -z - 8. What is v(n)?
-8
Let d(v) = -v**2 - 6*v - 25 + 12 + 10. Give d(-6).
-3
Let f(y) = -y + 1 + 0*y - 5 + 0*y. What is f(-3)?
-1
Let u(w) = -w - 4. Let q(n) = n - 1. Suppose 3*a - 4 = a. Let x(j) = a*q(j) + u(j). Calculate x(0).
-6
Let h(f) = 2*f + 5. Let o = 31 + -37. Calculate h(o).
-7
Let x(q) be the second derivative of -q**4/12 - 7*q**3/6 - 9*q**2/2 + 9*q. Calculate x(-6).
-3
Let i = -40 + 47. Let y(d) = d**2 - 8*d + 2. Determine y(i).
-5
Let z be (5/15)/(1/9). Let v be 3*(-3)/(-9)*3. Let m(k) = 4*k**v - 3*k**2 - 5*k**z - 6 + k + 2*k**2 - 5. Calculate m(0).
-11
Let k(c) be the second derivative of 0 - 3/2*c**2 + 5/6*c**3 - 1/12*c**4 - 3*c. What is k(2)?
3
Let v = 18 + -22. Let l(p) = -p**2 - 4*p - 5. What is l(v)?
-5
Suppose -12 = -5*x + 3. Let t = x - 2. Let l(a) = 6*a. Let s(g) = -g. Let q(z) = -3*l(z) - 9*s(z). Calculate q(t).
-9
Let s(t) = 4*t**2 + 1. Let n(h) = h + 12. Let q be n(-8). Suppose -l = -2 - 1. Suppose -3*z = 3*w + 3 + 6, q*z - l*w = 16. Calculate s(z).
5
Let h(n) = n**2 - n - 4. Let j be h(3). Let q(c) = -4*c. Calculate q(j).
-8
Let l(p) = -p**3 - 8*p**2 - 6*p + 10. Suppose 0 = 4*v - 2*s - 2, -5*v - 2*s + 26 - 1 = 0. Suppose c - v*g = -19, -2*g + 8 = -0*g. What is l(c)?
3
Let c(k) be the first derivative of k**4/4 + 4*k**3/3 + 3*k**2/2 - 4. What is c(-4)?
-12
Let r(q) be the first derivative of -3*q**2 - 6. Determine r(1).
-6
Suppose -15 = 5*s + 5. Let h = s + 5. Let q(a) = 1 + 0*a**2 + 2*a**2 - 2*a - a**2. Give q(h).
0
Let g(s) = -17*s - 1. Let r(l) = -l**3 - 21*l**2 - 22*l - 39. Let w be r(-20). What is g(w)?
-18
Let m(g) = g**3 + 5*g**2 + 3*g - 4. Let f be m(-4). Let h(z) = z**3 - z**2 + z + 11. Give h(f).
11
Let d(p) = 3*p**3 + p**2 - p. Let s be (7 + -4 + -4)*2. Give d(s).
-18
Suppose -5*y - 86 = 3*m, 0*m - m = y + 18. Let k be -3*(2 + y/6). Let i(s) = s**3 - 3*s**2 - s. What is i(k)?
-6
Let c(y) = -4*y - 17. Let a(o) = -o - 4. Let j(n) = 9*a(n) - 2*c(n). Let i = -37 - -31. What is j(i)?
4
Suppose 5*q - 5 = -35. Let g(c) = -c**3 - 5*c**2 + 6*c + 1. Let a be g(q). Let p(k) = -k - k - 4*k + 2 - 1. Calculate p(a).
-5
Let u(f) = -f - 5. Let i = -19 - -21. Suppose 0 = -k - i*k. Determine u(k).
-5
Let p(u) = u - 1. Let c = 8 - 13. Let g(b) = 6*b - 8. Let z(d) = c*p(d) + g(d). What is z(4)?
1
Let c(u) = -u**3 + 4*u**2 + 7*u - 3. Let v = 18 + -13. Let f = v + 0. Calculate c(f).
7
Let c(z) = -4*z**2 + 1. Let k(o) = o**3 + o**2 - 2*o. Let v be k(2). Suppose 4*r - 2*f = -v, -f - 2*f = -r - 2. Let n be (-3 - 0)/6*r. Determine c(n).
-3
Let p(z) = z**3 - 6*z**2 + 4*z - 5. Suppose -3*s - 3*c + 10 = -20, 0 = 4*s + c - 25. Calculate p(s).
-10
Let o(d) be the third derivative of -d**7/2520 - d**5/60 - 2*d**2. Let k(j) be the third derivative of o(j). Let i be 0 + (-2)/2*1. Calculate k(i).
2
Let n = -9 - -23. Suppose 6*k - 3*o + 4 = k, -2*k = 4*o - n. Suppose -5*s = -k - 4. Let i(l) = -5*l - 1. Calculate i(s).
-6
Let p be -6 + (1 - 1)*-1. Let v(k) = k**2 + 6*k + 1. Give v(p).
1
Let f(m) = -m - 3. Let o be (-1)/(((-52)/(-16) - 3)/(-1)). Determine f(o).
-7
Let w be ((-1)/2)/(2/(-12)). Let y(p) be the first derivative of -p**3/3 + p**2 + 2*p + 3. Give y(w).
-1
Let o(r) = -r**3 - 4*r**2 + 3*r - 7. Suppose 5*i + 5*p = -25, 0*i + 5*p + 20 = -4*i. Determine o(i).
3
Let v(a) be the third derivative of 3*a**2 + 0*a - 1/6*a**3 + 0 - 1/6*a**4. Determine v(2).
-9
Let r = -113 + 113. Let j(k) = -k + 6. What is j(r)?
6
Let m = -51 - -50. Let x(y) = 7*y**2 + 2*y + 1. Determine x(m).
6
Let l = 7 - 7. Let q(o) be the third derivative of o**8/20160 - o**7/5040 + o**6/180 + o**5/60 - o**2. Let y(a) be the third derivative of q(a). Give y(l).
4
Let r(w) = -3 + 174*w - 178*w + w**3 + 3 - 3*w**2. Suppose 1 = -2*z - 1. Let d be 2 + z + 2 - -1. What is r(d)?
0
Suppose -4*l = -14 + 2. Let n(g) = -7*g + 17. Let y(w) = -7 + 2*w - 1 + 2*w - 1. Let r(j) = 3*n(j) + 5*y(j). Determine r(l).
3
Let c(t) = -t + 5. Let x be c(5). Suppose x = -3*k + k + 16. Suppose 20 = k*p - 3*p. Let d(h) = -h + 5. What is d(p)?
1
Let c = 5 + -6. Let q(m) = 7*m**3 + 23*m**2 - 11*m - 14. Let u(s) = 2*s**3 + 8*s**2 - 4*s - 5. Let z(i) = -6*q(i) + 17*u(i). Give z(c).
7
Let j(p) = p - 5. Let f(g) be the first derivative of 4*g - 1. Let c(k) = 6*f(k) + 5*j(k). Let o be (-1)/4 + (-15)/(-12). Give c(o).
4
Let x = 6 + -3. Suppose 0*f + x*f - 12 = 0. Let c(n) = 2*n**2 - 2*n + 14. Let a(d) = -2*d**2 + 3*d - 12. Let j(m) = -5*a(m) - 4*c(m). Determine j(f).
8
Suppose 0*a = 2*a - 20. Suppose -2*c = 3*y - y + 6, a = 5*c. Let b(f) = f**3 + 5*f**2 - 2*f - 2. Give b(y).
8
Let q(k) = 4 - 4 - k**2 + 8*k - 1. Give q(7).
6
Let a be 2*((-3)/1 - 0). Let c(b) be the second derivative of -b**4/12 - 4*b**3/3 - 3*b**2 - 3*b. What is c(a)?
6
Let s be (2 - 3)/(2/8). Let v(m) = -2*m**3 + 7*m**2 - 5*m + 4. Let u(l) = l**3 - 6*l**2 + 4*l - 3. Let k(z) = 3*u(z) + 2*v(z). Give k(s).
-9
Let a(s) = -s**3 + 2*s**2 + s. Suppose -k = -0*d + 4*d + 7, -d = 3. Let q be 14/(-35) - 3/k. Determine a(q).
2
Let q(k) be the first derivative of -k**4/4 - 10*k**3/3 + 5*k**2 - 3*k - 23. Give q(-11).
8
Let n(t) be the second derivative of -t**3/6 + 6*t. Calculate n(3).
-3
Let x(q) be the second derivative of -6*q + 0 + 1/6*q**3 - 1/2*q**2. Determine x(3).
2
Let v be (-136)/36 - (-4)/(-18). Let s(n) = 2*n - 1. Calculate s(v).
-9
Let u(b) = -b**3 - 3*b**2 + 6*b + 2. Let n be u(-4). Let z(c) = -c**2 - 7*c - 1. Give z(n).
5
Let y be (-96)/(-42) - (-4)/(-14). Suppose 2*m = -y*k - m - 8, -12 = 3*m. Suppose -k*t = -0*t + 8. Let x(f) = f. Determine x(t).
-4
Let r(y) = 3*y - 25. Let t(d) = -d + 8. Let v(f) = -2*r(f) - 7*t(f). What is v(0)?
-6
Suppose -s + 2 = -0. Let k be s/(-1) + (-9)/(-3). Let j(q) = 5*q**2 + 4*q - 3. Let g(o) = -21*o**2 - 17*o + 13. Let h(a) = -2*g(a) - 9*j(a). Give h(k).
-4
Let d(p) = 5. Let g(x) = x + 1. Let j(h) = -d(h) + 2*g(h). Give j(5).
7
Let n(m) = 3*m + 9. Let j(d) = -d**2 - 8*d + 3. Let r be j(-9). What is n(r)?
-9
Let p(i) = -i + 3. Suppose -4*c + 62 = 302. Let a = c + 39. Let j be (-2)/3 + a/9. Calculate p(j).
6
Let s(f) = -2*f**2 - 4*f + 1. Suppose -4*u - 9 - 3 = 0. Give s(u).
-5
Let k(b) = 3*b. Let o be (15/(-21) - -1) + 10/14. What is k(o)?
3
Let p(x) be the second derivative of x**3/3 + 3*x**2 - 12*x. Suppose 0 = -f - 8 + 3. Give p(f).
-4
Let n(l) = l - 5. Let p(b) = b**3 - 20*b**2 + 2*b - 31. Let t be p(20). What is n(t)?
4
Let d(a) = -a**2 + 2*a - 1. Let j = 14 - 9. Suppose -5 = -5*g + j*o, 0 = g - 2*o - o - 1. Calculate d(g).
0
Suppose -4*z + 27 = 3*a, 3*z - 12 = 4*z - 3*a. Let k(s) = s**2 - s + 3. Determine k(z).
9
Let j be (-6)/(-8) + (-525)/60. Let x(v) = v**2 + 10*v + 10. What is x(j)?
-6
Suppose -i + 0*q - 3*q = 7, -q - 9 = 2*i. Let b(u) = u**3 + 5*u**2 + 3*u + 5. What is b(i)?
9
Let k(t) be the second derivative of t**4/12 - 7*t**3/6 + 2*t**2 + 32*t. Give k(7).
4
Let s(z) = 10 + 0 - 125*z - z**2 + 129*z. Give s(7).
-11
Suppose 3*g + 2*j + 10 + 4 = 0, -2*g + 8 = -3*j. Let b(t) = -2*t**2 - 3*t. What is b(g)?
-2
Let k(j) = -2*j - 5. Let i be k(-4). Let u(x) = -2*x - 3 + i*x + 0*x. Let p be u(4). Let t(d) = 5*d + 1. Determine t(p).
6
Suppose -5*g = s + 4*s, 0 = -3*g + 9. Let t(r) = 0*r - 1 + 2 - r. Give t(s).
4
Let h(n) = -n**3 + n**2 - n + 1. Let g be h(2). Let l(s) = s - 1. What is l(g)?
-6
Suppose 5*i = -16 + 1. Let w(q) be the first derivative of -q**2 - q - 2. Determine w(i).
5
Suppose 4*n - p = -2 - 4, -4*n - p - 2 = 0. Let t(q) = 6*q**2 - q - 1. Calculate t(n).
6
Let f(g) = 3*g**2 - 3*g - 1. Let m = -82 + 80. Determine f(m).
17
Let r(x) = -x**3 + 6*x**2 - 8*x + 6. Suppose -4*t + 3*a + 12 = 0, 3*t = -t + 2*a + 8. Let f = t + 5. Determine r(f).
-9
Let z(n) be the third derivative of -n**6/120 - n**5/60 + n**4/24 + 3*n**2. Determine z(0).
0
Let j(m) = 3 - m + 8 - m**2 + m**3 - 4. Suppose -29*p + 31*p = 0. Give j(p).
7
Let q(p) = p**3 - p**2 - p. Let l(m) = 10*m**3 - 5*m**2 - 5*m. Let n(y) = l(y) - 5*q(y). Let d(k) = k**2 - 3*k -